2 - -240. What is the remainder when r is divided by 22?
14
Let l(w) = -w**3 + 11*w**2 - 17*w - 6. Let o be 1 + 16/(-2)*-1. Calculate the remainder when l(o) is divided by 3.
0
Suppose 27 - 7 = s. Let t = -12 + s. Calculate the remainder when 23 is divided by t.
7
Let o be 14/(-12)*3*-10. Suppose -3*q + 43 = -o. Calculate the remainder when 49 is divided by q.
23
Let a be (-1)/(-2)*(0/(-8))/(-7). Suppose -7*y + 1817 - 662 = a. What is the remainder when y is divided by 56?
53
Suppose -6*f - 3*y = -2*f - 167, 0 = 2*f + y - 85. Suppose -10*g = 119 - 199. Suppose g = -d + f. Calculate the remainder when d is divided by 20.
16
Suppose -3*y = 5*h + 2*y - 370, 2*h + y - 150 = 0. Calculate the remainder when 138 is divided by h.
62
Let b(v) = -v**3 - 2*v**2 + 43. Let p(u) = -u**2 - 10*u - 10. Let l(t) = t - 14. Let i be l(7). Calculate the remainder when b(0) is divided by p(i).
10
Let k(m) = -m**2 - 6*m - 1. Let n = 1599 + -1589. Calculate the remainder when n is divided by k(-4).
3
Suppose d = -0*i - i + 66, -d - 5*i = -58. Suppose 0 = -2*s - 10 + d. What is the remainder when s is divided by 11?
7
Let i be 2/(-3) - (-1612)/(-12). Let x = i + 286. Calculate the remainder when x is divided by 19.
18
Let s = -803 - -812. Suppose -5*n = 4*w - 184, 4*w + 2*n + 53 - 225 = 0. Calculate the remainder when w is divided by s.
5
Suppose 31*d = 34*d - 12. What is the remainder when (-8 - (d + -3))/(-1) is divided by 2?
1
Suppose -2*m + 5*m - 18 = 3*h, -3*h + 2*m - 22 = 0. Let r = h - -16. Calculate the remainder when 9 is divided by r.
3
Suppose -2*y + 5*y - 48 = 0. Calculate the remainder when y is divided by 6.
4
Suppose -4*f + 66 = 7*d - 5*d, -5*d - 87 = -4*f. What is the remainder when f is divided by 4?
2
Let i = 21 + -16. Suppose 2*p + 80 + 26 = 4*m, i*m = 2*p + 130. Calculate the remainder when m is divided by 9.
6
Let w = -173 + 304. Suppose 2*x + 5*c - 10 = 7*c, c + 26 = 4*x. Calculate the remainder when w is divided by x.
5
Suppose -2*b - 3 = -3*p - 0*p, b = p. Suppose -b*c = c + 5*m - 166, 5*c = m + 193. Suppose -5*o + 11 = -c. What is the remainder when o is divided by 4?
2
Let m(d) = -d**3 + 5*d**2 - d - 6. What is the remainder when 7 is divided by m(2)?
3
Let b be 1*(-1)/(-1)*(-47 - -45). Calculate the remainder when 118 is divided by (10/b)/(((-14)/8)/7).
18
Let x(d) = d + 14. Let u be ((-6)/(-9))/(6/(-54)). What is the remainder when 15 is divided by x(u)?
7
Let g be 0 - (-7)/(-1)*1. Let t = g + 16. What is the remainder when 840/36*3*1/2 is divided by t?
8
Calculate the remainder when ((-150)/8)/((-129)/344) is divided by 28.
22
Suppose 0 = -g + 3*y - y + 15, -3*g = 3*y - 54. What is the remainder when (-3240)/(-50) - (-12)/(-15) is divided by g?
13
Suppose -22*m + 27*m - 605 = 0. Suppose 8*v = m - 41. What is the remainder when 77 is divided by v?
7
Let s(m) = -m**3 - 6*m**2 + 3*m - 3. Let w be s(-6). Calculate the remainder when w*(17/4)/(6/(-8)) is divided by 20.
19
Let d(i) = i**3 + 10*i**2 + 5. Let g be d(-10). Let k(f) = -2 + g*f**2 + f - 5*f - 4*f**2. Calculate the remainder when k(6) is divided by 4.
2
Let k(q) = -q + 2. Let b(i) = -2*i + 2. Let y be 20/(-8)*16/(-10). Let n be b(y). Calculate the remainder when 12 is divided by k(n).
4
Let k be (1 - (-14)/(-10))*-20. Let v be -2 + 0 + (-440)/k. What is the remainder when v/(-3) - (2 - 4) is divided by 11?
10
Let h = -28 - -18. Let g(c) = c**2 + 7*c + 1. Calculate the remainder when g(h) is divided by 18.
13
Let y(w) = w**2 - 4*w - 14. Let k be y(6). Calculate the remainder when 70 is divided by (-1 + k)*5*(-24)/18.
10
Suppose 4*o + 193 = 9. Let u = 67 + o. Suppose 5*l = 59 + u. Calculate the remainder when l is divided by 9.
7
Suppose -2*z - 2*s + 14 = 0, -36*z = -31*z + 3*s - 39. What is the remainder when 960 is divided by z?
6
Suppose 12 = 8*t - 60. Let n = -34 - -22. Let d = -9 - n. Calculate the remainder when t is divided by d.
0
Let h = 32 + 43. Suppose 266 = -7*a - 1939. What is the remainder when h is divided by -1 + 3/4 + a/(-12)?
23
Suppose 0 = 5*v, 0 = x - 0*x - 3*v - 23. Suppose -10*h + 906 = 376 - 610. What is the remainder when h is divided by x?
22
Let m be 29/3 + (-2)/3. Let s(w) = w**2 - 6*w + 10. Suppose 96 = 5*j - d, -6*d + 4*d = -3*j + 52. What is the remainder when s(m) is divided by j?
17
Let q = 72 - 124. What is the remainder when ((-117)/q)/(6/40) is divided by 9?
6
Let j = 377 - -2. Suppose 5*v = 2*i + j, -5*i = -2*v + 158 + 2. What is the remainder when v is divided by 26?
23
Let w = -417 + 425. What is the remainder when 20 is divided by w?
4
Let s = -16 + 25. Let w be (12/(-6))/(3/s). Let j(m) = -m**3 - 6*m**2 - 4*m - 8. Calculate the remainder when 45 is divided by j(w).
13
Suppose 2*u + 3*i = 22, -6 = -4*u + 3*i + 2. Suppose 0 = u*v + 2*g - 181 - 84, -3*g = -4*v + 189. What is the remainder when 201 is divided by v?
48
Suppose -d = -155 - 53. Calculate the remainder when d is divided by 52.
0
Suppose -4*p = -o - 439, p - 105 = 3*o + 2*o. What is the remainder when p is divided by 38?
34
Calculate the remainder when ((-48)/(-6))/((8/46)/2) is divided by 31.
30
Suppose 8 = 4*k + 2*x, 13 = 5*k + 5*x - 2. Suppose -t - k = -3. What is the remainder when (-111)/6*t*-1 is divided by 20?
17
Let g = -101 - -167. Suppose g + 44 = -5*t. What is the remainder when 51 is divided by (-290)/t + 10/(-55)?
12
Let u(d) = -d + 11. Let m be u(11). Suppose m*x - 5*x + p = -49, x - 9 = p. What is the remainder when (-11)/110*-365 - (-2)/4 is divided by x?
7
Suppose -o = a - 69, 3*a + 121 = 2*o - 2. Suppose -4*f + 78 = -w, -2*f - 5*w + o - 16 = 0. What is the remainder when 377 is divided by f?
17
Suppose -10*b = -15*b - 20, b = 4*l - 88. What is the remainder when 99 is divided by l?
15
Let k(u) be the third derivative of -u**5/30 - u**4/2 + u**3/2 + 6*u**2. Let l be k(-6). What is the remainder when 30 is divided by l/(-9)*-3 - -7?
6
What is the remainder when ((-152)/12)/(5/(-225)) is divided by 115?
110
Suppose 0 = 2*h - 4*h - w + 19, -3*h = -4*w - 45. What is the remainder when 59 is divided by h?
4
Suppose -j - 9*l + 27 = -13*l, 2*j - 4*l = 42. Calculate the remainder when j is divided by 3.
0
Suppose -9*b - 84 = -5*b. Let s = b + 29. Calculate the remainder when s is divided by 4.
0
Suppose 0 = 5*c + 5*i - 260, 3*i + 45 = c - 27. Suppose 6*p = -s + 85, 14*s - 13*s = 3*p - 50. What is the remainder when c is divided by p?
12
Let q be 3/(3 - 9)*-18. Let r(i) = -6*i - 6. Let n be r(q). Calculate the remainder when 39 is divided by ((-4)/3)/(8/n).
9
Let z = 613 - 42. What is the remainder when z is divided by 82?
79
Let v(a) = -2*a - 44. Let y be v(13). Let n = y + 192. What is the remainder when n is divided by 14?
10
Let j(g) = 2*g**3 - 16*g**2 + 61*g - 6. Calculate the remainder when 154 is divided by j(5).
5
Suppose 0 = 3*s + 4*z + 218 + 47, -4*s - 5*z - 354 = 0. Let i = s + 130. Let u = 32 - 22. Calculate the remainder when i is divided by u.
9
Calculate the remainder when (15/((-825)/88))/((-4)/70) is divided by 10.
8
Let y = 401 + -224. Calculate the remainder when y is divided by 8.
1
Suppose -671 = 13*r + 213. What is the remainder when 37 is divided by (r/12 + 5)*-5*3?
7
Suppose -5*j + 5 = 0, 2*n - 11 = -8*j + 3*j. Let l be 48/15 - n/15. Calculate the remainder when 34 is divided by 22/l - (-1)/(-3).
6
Suppose 0 = -4*x + 4, -4*x = 3*a - 82 - 0. Suppose 0 = 4*u - 126 + a. What is the remainder when 70 is divided by u?
20
Suppose -49*x + 9564 + 2294 = 0. What is the remainder when x is divided by 9?
8
Let f = -91 - -96. Calculate the remainder when (-6 + (1 - f))*(-22)/4 is divided by 28.
27
Let w(y) = 99*y + 2499. What is the remainder when 2 - 1 - (1 - 117) is divided by w(-25)?
21
Let v(y) = -y**3 + 12*y**2 - 11*y + 15. Let i be v(11). Let b = 14 + i. Calculate the remainder when b is divided by 6.
5
Let t = -442 - -476. What is the remainder when 106 is divided by t?
4
Let z(t) = -3*t**3 + t**2 + t - 2. Suppose -4*b = -0*b + 8. Let q(i) = -i**3 + 13*i**2 - 8*i + 21. Calculate the remainder when q(12) is divided by z(b).
21
What is the remainder when -5*-1*(-10)/25 + 24 is divided by 8?
6
Let u = 15 + 60. Let m = -1984 + 1997. Calculate the remainder when u is divided by m.
10
Let f = -53 - -53. Suppose 2*i = 2*c - f*c + 48, -2*c = -4*i + 92. Calculate the